base 9, what is -23 - -27442?
27418
In base 6, what is 3233410235 - 11?
3233410224
In base 7, what is -343541200 + -12?
-343541212
In base 6, what is -11 - -5135302?
5135251
In base 12, what is 43 + 2b190?
2b213
In base 4, what is 12112 + 13100123?
13112301
In base 15, what is -2 - -259b731?
259b72e
In base 6, what is -1 + -10155335?
-10155340
In base 16, what is -285f - 1cfd?
-455c
In base 3, what is -20201110122210 - -11?
-20201110122122
In base 13, what is -1361ba + 3b?
-13617c
In base 7, what is 4511446 + 1606?
4513355
In base 14, what is 19 - -a7d12?
a7d2b
In base 6, what is -10502251413 - 5?
-10502251422
In base 9, what is 217 + -15858?
-15641
In base 5, what is -2002003102 - 2?
-2002003104
In base 7, what is -3 - 451346521?
-451346524
In base 16, what is 4f2682 + 3?
4f2685
In base 2, what is 10110111011100010 - 111000110?
10110110100011100
In base 6, what is 1344502 - 141103?
1203355
In base 7, what is -3 - 103554504?
-103554510
In base 16, what is 2fb6 - 1479?
1b3d
In base 16, what is 7727 + -34f0?
4237
In base 15, what is -1c - 2243d9?
-224406
In base 8, what is 104 - 144246?
-144142
In base 16, what is 79 - 141d5?
-1415c
In base 5, what is 1443 + -41033132?
-41031134
In base 9, what is -48 - -42150180?
42150131
In base 11, what is 39 - 26a76?
-26a38
In base 3, what is -211211 - 20111111120?
-20112100101
In base 13, what is 11887bc - -48?
1188837
In base 14, what is -d2d5 - b3?
-d3a8
In base 8, what is -23 + 11312250?
11312225
In base 6, what is 42 - -1042135?
1042221
In base 3, what is -11 + -10121100122100?
-10121100122111
In base 3, what is -10211112112022021 + 2?
-10211112112022012
In base 7, what is -20333 + 164136?
143503
In base 8, what is 10 + -6210724?
-6210714
In base 3, what is -120211200010022 + -12?
-120211200010111
In base 9, what is -4477 + -245?
-4733
In base 11, what is 1214 - -7aa?
1a13
In base 13, what is -21971 + 14aa?
-20494
In base 4, what is 1333000311 + -133?
1333000112
In base 8, what is -4 - -36066625?
36066621
In base 7, what is 2 + -4254433510?
-4254433505
In base 8, what is -2 + -71211765?
-71211767
In base 8, what is -75510 + -7454?
-105164
In base 12, what is 57 - -44610?
44667
In base 16, what is -47a8 - 5e17?
-a5bf
In base 2, what is -11101101110100001000110010 - 100?
-11101101110100001000110110
In base 14, what is 3 + -26d5d2c?
-26d5d29
In base 7, what is 14640302 + 136?
14640441
In base 14, what is 13 - -24391?
243a4
In base 3, what is -110222021020120 + -20?
-110222021020210
In base 15, what is 2e814577 + 3?
2e81457a
In base 2, what is 11 - -101100010110101010011001?
101100010110101010011100
In base 2, what is -11001 + -11010000011010100010?
-11010000011010111011
In base 6, what is -15 - -2454101?
2454042
In base 8, what is -134265177 + 1?
-134265176
In base 14, what is 3ab - bdb23?
-bd756
In base 11, what is -1035154 + -2?
-1035156
In base 12, what is 23432 - 5a1?
22a51
In base 12, what is -11b78 - 187b?
-13837
In base 11, what is 2171025 - -17?
2171041
In base 15, what is 61b8154 - -3?
61b8157
In base 16, what is 19f0b - 27?
19ee4
In base 4, what is 3100120301 - 321?
3100113320
In base 14, what is 451c - 24a5?
2057
In base 9, what is -487 + 28413?
27815
In base 8, what is 3 - 110134173?
-110134170
In base 9, what is 67 + 5676864?
5677042
In base 8, what is 1574420345 - -3?
1574420350
In base 9, what is 17403 - -76306?
104710
In base 3, what is 212112201220121012 - 2?
212112201220121010
In base 2, what is -1101000011 - -100011100010010000?
100011010101001101
In base 5, what is 10 - 1414223431?
-1414223421
In base 14, what is 235944 - -c6?
235a2a
In base 15, what is -b7907 - 8?
-b7910
In base 7, what is 3 + 35234636?
35234642
In base 5, what is -131 + 401420?
401234
In base 7, what is -2 + -106230323?
-106230325
In base 13, what is 27992 + -155?
2783a
In base 7, what is -4466402 + -454?
-4500156
In base 6, what is -25042535520 - 0?
-25042535520
In base 2, what is -101 - -1001101011001011010110?
1001101011001011010001
In base 16, what is -4641219 + -6?
-464121f
In base 7, what is -22420016 + -120?
-22420136
In base 7, what is -626 + 16352?
15423
In base 15, what is -cb9700 + 5?
-cb96ea
In base 5, what is -2014031400 + 3?
-2014031342
In base 11, what is -5 + -629711?
-629716
In base 7, what is 656025 - -303?
656331
In base 15, what is 1670 - -145a9?
15c29
In base 12, what is 1 - 8b1a29b?
-8b1a29a
In base 11, what is -9 + -a71a?
-a728
In base 8, what is -454557 - 5654?
-462433
In base 12, what is -b07aa9 - -29?
-b07a80
In base 14, what is -808c5 + -4?
-808c9
In base 15, what is -13b - -64a7?
636b
In base 3, what is 1 + 111212101220112002?
111212101220112010
In base 15, what is 7ed76 + -62?
7ed14
In base 3, what is 1 - -1000221011110222221?
1000221011110222222
In base 10, what is 3191 - 405?
2786
In base 11, what is 4 - -35a003a7?
35a00400
In base 6, what is 4540542 + 110?
4541052
In base 15, what is -1dc4a - 0?
-1dc4a
In base 12, what is 140b9 - -370?
14469
In base 4, what is 11330 + -301330112?
-301312122
In base 3, what is -21220 - -200102020?
200010100
In base 16, what is -5af0 + -4036?
-9b26
In base 11, what is 3427a - 86?
341a4
In base 4, what is 111331030231 - 1122?
111331023103
In base 12, what is -116b49 - -87?
-116a82
In base 11, what is 4 + -25238a7?
-25238a3
In base 16, what is -1075c396 + 5?
-1075c391
In base 12, what is 26a9b - -162?
27041
In base 10, what is -1710109 + -3?
-1710112
In base 13, what is 370a6 + 1723?
387c9
In base 11, what is 1843398 + 16?
1843403
In base 11, what is 11 + -165972?
-165961
In base 3, what is 12 - -1111001020202212?
1111001020210001
In base 14, what is -1a + -84b17?
-84b33
In base 4, what is -1103302131 + 113?
-1103302012
In base 8, what is -7 - -6751651?
6751642
In base 8, what is 14131 - 1470?
12441
In base 8, what is 14120 - -37127?
53247
In base 3, what is -212201111210 + 11?
-212201111122
In base 5, what is -3114044 - -103311?
-3010233
In base 16, what is -1f25 - -1e1?
-1d44
In base 15, what is 64930 + -d3?
6484c
In base 10, what is -27 + 9358095?
9358068
In base 7, what is 1255613522 + 5?
1255613530
In base 15, what is -43e07 - 13e?
-44046
In base 16, what is 22be3a09 + 1?
22be3a0a
In base 2, what is 100101101001110001000110 - -10?
100101101001110001001000
In base 7, what is -22635262 - 1?
-22635263
In base 8, what is -1643775 + -107?
-1644104
In base 6, what is -302242 - 3431?
-310113
In base 16, what is 577554ae - -5?
577554b3
In base 5, what is 4024434311 + 4?
4024434320
In base 6, what is 23 - 1215010350?
-1215010323
In base 12, what is 3 + -9b057b?
-9b0578
In base 9, what is 13664 + 26366?
41141
In base 5, what is -3 - -31021014344?
31021014341
In base 8, what is -3 - 216275301?
-216275304
In base 9, what is 18328213 + -6?
18328206
In base 11, what is 295 + -18310?
-18026
In base 10, what is -383100 + 8?
-383092
In base 14, what is 1 + 8dbca0?
8dbca1
In base 7, what is -5631 - 2230?
-11161
In base 14, what is 154 - 4330d?
-43199
In base 6, what is 12 + 105254234?
105254250
In base 7, what is -121 + 111503?
111352
In base 8, what is -1016142 - -73?
-1016047
In base 10, what is 1109760 - 101?
1109659
In base 8, what is 31 - -11774303?
11774334
In base 5, what is -3411 + 324241224?
324232313
In base 4, what is 333210320010031 - -11?
333210320010102
In base 13, what is 2 - c80987?
-c80985
In base 13, what is 305701 + -4a?
305684
In base 11, what is 77 - -a410?
a487
In base 3, what is 112010022110020 + 200?
112010022110220
In base 2, what is 10101001110 + -1111000000101010?
-1110101011011100
In base 3, what is -2220101211211000 - -12?
-2220101211210211
In base 16, what is -8d19b - -188?
-8d013
In base 8, what is 2665 + -2777?
-112
In base 7, what is 0 - -22525?
22525
In base 12, what is 686539 - 20?
686519
In base 2, what is -101011011111011001001000 - -1011?
-101011011111011000111101
In base 7, what is 10305422 - -222?
10305644
In base 6, what is 22443343 + 4?
22443351
In base 11, what is -250987 - 18?
-2509a4
In base 9, what is 0 + 430261?
430261
In base 15, what is -a8a46 + -3?
-a8a49
In base 2, what is -101110000011111100000111110 - 1?
-101110000011111100000111111
In base 4, what is -2022 + 1010003120?
1010001032
In base 10, what is 1 - 317342?
-317341
In base 16, what is 1ee1 + dd71?
fc52
In base 7, what is 5 + 42344505?
42344513
In base 2, wh